common factor of 2 and 22.
2
Calculate the greatest common factor of 48 and 33168.
48
What is the highest common divisor of 61 and 244?
61
What is the highest common factor of 209 and 22?
11
What is the greatest common factor of 7406 and 115?
23
Calculate the greatest common factor of 325 and 135.
5
Calculate the highest common divisor of 210 and 30.
30
Calculate the greatest common factor of 1585 and 15.
5
Calculate the greatest common divisor of 630 and 3010.
70
What is the greatest common divisor of 1674 and 62?
62
Calculate the highest common divisor of 11376 and 1152.
144
Calculate the greatest common divisor of 20 and 3340.
20
Calculate the highest common divisor of 23067 and 18.
9
Calculate the highest common factor of 21 and 28.
7
Calculate the greatest common divisor of 1860 and 1922.
62
Calculate the greatest common divisor of 9 and 107.
1
What is the greatest common factor of 150 and 1875?
75
What is the greatest common factor of 54 and 432?
54
What is the greatest common divisor of 437 and 46?
23
What is the highest common divisor of 413 and 14?
7
Calculate the highest common factor of 912 and 798.
114
What is the greatest common factor of 24 and 468?
12
What is the greatest common divisor of 1350 and 50?
50
Calculate the highest common divisor of 12 and 5324.
4
Calculate the highest common divisor of 2272 and 781.
71
Calculate the highest common factor of 130 and 50.
10
Calculate the greatest common factor of 1865 and 5.
5
Calculate the highest common divisor of 12 and 510.
6
Calculate the greatest common factor of 192 and 72.
24
What is the greatest common factor of 55 and 3795?
55
What is the greatest common factor of 18 and 7956?
18
What is the highest common factor of 195 and 117?
39
Calculate the greatest common factor of 43 and 43.
43
Calculate the greatest common factor of 19649 and 49.
49
What is the greatest common factor of 561 and 594?
33
What is the highest common factor of 42 and 1624?
14
What is the highest common divisor of 251 and 1?
1
What is the highest common factor of 184 and 30360?
184
Calculate the greatest common divisor of 10 and 50.
10
What is the highest common divisor of 2002 and 104?
26
Calculate the highest common divisor of 16 and 46064.
16
Calculate the highest common factor of 744 and 48.
24
Calculate the greatest common factor of 48 and 912.
48
Calculate the highest common divisor of 232 and 34568.
232
What is the greatest common divisor of 48 and 34320?
48
What is the greatest common divisor of 836 and 8?
4
Calculate the highest common factor of 7800 and 48.
24
What is the highest common divisor of 2 and 145?
1
Calculate the highest common divisor of 2748 and 24.
12
Calculate the greatest common divisor of 2193 and 918.
51
Calculate the highest common factor of 2676 and 24.
12
What is the highest common factor of 240 and 16?
16
What is the highest common divisor of 1375 and 110?
55
What is the greatest common factor of 152 and 266?
38
Calculate the greatest common divisor of 408 and 323.
17
What is the greatest common factor of 1856 and 6032?
464
What is the highest common factor of 945 and 216?
27
What is the highest common factor of 156 and 1836?
12
What is the highest common factor of 3325 and 525?
175
Calculate the greatest common divisor of 816 and 336.
48
Calculate the greatest common factor of 1440 and 10.
10
Calculate the greatest common divisor of 6888 and 168.
168
What is the greatest common divisor of 25 and 2075?
25
Calculate the greatest common divisor of 355 and 2059.
71
Calculate the highest common divisor of 123 and 78.
3
What is the greatest common divisor of 2296 and 448?
56
Calculate the greatest common factor of 730 and 1606.
146
Calculate the greatest common factor of 34043 and 59.
59
What is the highest common factor of 21 and 189?
21
Calculate the highest common factor of 3599 and 61.
61
Calculate the highest common factor of 116 and 95932.
116
Calculate the greatest common factor of 42 and 12474.
42
What is the greatest common factor of 63 and 99?
9
Calculate the highest common divisor of 5890 and 190.
190
Calculate the highest common divisor of 270 and 150.
30
Calculate the highest common divisor of 1224 and 288.
72
Calculate the highest common factor of 221 and 1411.
17
Calculate the highest common divisor of 8 and 932.
4
Calculate the highest common divisor of 392 and 104.
8
Calculate the highest common factor of 1000 and 64.
8
Calculate the highest common divisor of 114 and 96.
6
What is the greatest common factor of 120 and 16?
8
What is the highest common factor of 559 and 13?
13
Calculate the greatest common factor of 180 and 160.
20
What is the greatest common factor of 10976 and 64?
32
What is the greatest common factor of 88 and 1892?
44
Calculate the greatest common factor of 271 and 13008.
271
What is the highest common factor of 505 and 10?
5
Calculate the highest common divisor of 136 and 323.
17
Calculate the greatest common factor of 108 and 2304.
36
What is the greatest common divisor of 1104 and 48?
48
Calculate the greatest common divisor of 460 and 28.
4
Calculate the highest common factor of 85 and 17.
17
What is the greatest common divisor of 8151 and 836?
209
What is the greatest common divisor of 375 and 3?
3
What is the highest common divisor of 95 and 12141?
19
Calculate the highest common factor of 54 and 729.
27
What is the highest common factor of 2303 and 188?
47
Calculate the highest common divisor of 86 and 172.
86
What is the highest common factor of 9 and 231?
3
What is the greatest common factor of 855 and 180?
45
What is the highest common divisor of 45 and 3447?
9
What is the highest common factor of 276 and 230?
46
Calculate the greatest common factor of 13 and 84786.
13
Calculate the highest common divisor of 693 and 9.
9
Calculate the highest common factor of 2451 and 171.
57
What is the greatest common factor of 1400 and 126?
14
What is the greatest common factor of 24 and 6984?
24
Calculate the highest common factor of 6254 and 118.
118
What is the greatest common factor of 237 and 3?
3
What is the highest common factor of 819 and 182?
91
What is the highest common factor of 2581 and 89?
89
What is the greatest common divisor of 185 and 2923?
37
Calculate the greatest common factor of 480 and 180.
60
What is the greatest common divisor of 18 and 774?
18
What is the greatest common factor of 188 and 1222?
94
Calculate the highest common factor of 110 and 286.
22
What is the highest common divisor of 127 and 7493?
127
What is the greatest common divisor of 19 and 19?
19
What is the greatest common divisor of 99 and 88?
11
Calculate the greatest common divisor of 31 and 775.
31
What is the greatest common factor of 220 and 1705?
55
What is the highest common factor of 97 and 7857?
97
What is the highest common divisor of 79 and 395?
79
Calculate the greatest common divisor of 1932 and 1764.
84
What is the highest common factor of 1892 and 220?
44
What is the highest common factor of 20 and 115?
5
What is the greatest common factor of 15615 and 20?
5
What is the highest common divisor of 96 and 348?
12
What is the greatest common factor of 17 and 6953?
17
Calculate the greatest common factor of 375 and 240.
15
Calculate the highest common factor of 166848 and 66.
66
What is the highest common factor of 176 and 976?
16
What is the greatest common divisor of 35 and 42?
7
Calculate the greatest common divisor of 1440 and 40.
40
Calculate the highest common divisor of 20842 and 34.
34
Calculate the greatest common factor of 13 and 529.
1
What is the highest common factor of 2107 and 63?
7
What is the highest common factor of 162 and 81?
81
Calculate the highest common factor of 9108 and 264.
132
What is the highest common factor of 396 and 45?
9
What is the highest common divisor of 831 and 46813?
277
What is the greatest common factor of 80 and 500?
20
What is the highest common divisor of 404 and 12?
4
Calculate the greatest common divisor of 187 and 55.
11
What is the highest common divisor of 92 and 67988?
92
What is the greatest common factor of 195 and 117?
39
What is the greatest common divisor of 12 and 3954?
6
Calculate the greatest common divisor of 1472 and 3136.
64
What is the highest common factor of 228 and 12?
12
Calcula